git of c?
5
Let q = -59 + -22. What is the tens digit of q/(10/(-6) - 14/(-21))?
8
Let q be 3*42/9 + 1. Let p = 20 - q. Suppose -3*s + 81 = -c, 0*s - 135 = -p*s - 3*c. What is the tens digit of s?
2
Let a(i) = 5*i**2 + 66*i - 15. What is the thousands digit of a(11)?
1
Let p(t) = t**2 - 17*t - 3. Let u be p(19). Suppose -119 = -2*x - u. What is the tens digit of x?
4
Let v = 40 - -16. Let j = 104 - v. What is the tens digit of j?
4
Let l = 2176 - -1708. What is the hundreds digit of l?
8
What is the units digit of -261*-2*11/66?
7
Let k be -1*3*(2 - 3). Let s = 39 - 35. Suppose -s*v + 6*v = -k*h + 58, 4*h = 0. What is the tens digit of v?
2
Let v(o) = -o**2 - o - 1. Let j(k) = -2*k**2 + 2*k - 1 + 2 - 2*k. Let x(l) = -j(l) + v(l). What is the units digit of x(-2)?
4
Let n = 847 + 14. What is the hundreds digit of n?
8
Let v = 50 + -29. Let k(u) = 4*u + 42. What is the units digit of k(v)?
6
Let u(t) = t**3 + 27*t**2 - 28*t + 5. Let y be u(-28). What is the units digit of y*(0 + 212/5)?
2
Suppose 3*n = 12, 0*n = 4*f + 4*n - 452. Let w = f - -26. What is the tens digit of w?
3
Let q = -41 + 530. What is the tens digit of q?
8
Suppose 2*m - 13 = 21. Let o = 24 - m. Suppose -2*f + o*f = 135. What is the tens digit of f?
2
Let u be -1*4*(3/(-3) - 0). Suppose 0 = u*r, s - 3*s - 3*r + 8 = 0. What is the units digit of s?
4
Let l = 1 - -2. Suppose -l*w + 20 = -28. What is the tens digit of w?
1
Suppose -6*u + 10 = -4*u. Suppose -d - 1 = -0, u*o + 3*d = 282. What is the tens digit of o?
5
Let p = 2514 + -1204. What is the hundreds digit of p?
3
Suppose -3*f + 22 = -4*q, -2*q + 2*f = 5*f + 2. Let m be q + 5/((-5)/(-3)). What is the units digit of (-28)/(-8)*(-2)/m?
7
Let a = -11 + 16. Suppose -4*z + 2*x = 0, -a*x = -3*z - 0*x - 14. Suppose -z*u = -11 - 15. What is the tens digit of u?
1
Suppose -o + 75 = -34. What is the tens digit of o?
0
What is the units digit of (-2)/(-7) - (32326/(-49) - -9)?
1
Let v = -2 - -4. Suppose 0 = -v*p + 2 + 6. Let x(j) = -j**3 + 6*j**2 - 2*j + 7. What is the tens digit of x(p)?
3
Let h be ((-5)/(20/8))/1. Let n be 3 - (0 + h) - 2. Suppose -4*z = n*m - 116, 3*z - 4*m + 0*m - 87 = 0. What is the units digit of z?
9
Let l = 2818 + -630. What is the hundreds digit of l?
1
What is the thousands digit of (-220)/495 - (-19732)/9?
2
Let x(g) = -g + 10. Let f be x(6). Suppose 0 = f*h - 2*h + 6. What is the tens digit of 9/(-3)*19/h?
1
Let i = 1824 - 1276. What is the units digit of i?
8
Let i(k) = -k**2 + 7*k + 6. Suppose -w - q = -5*q - 19, -4*q = 2*w - 2. Suppose j + 5 = 0, 5*y - 4*j - 48 = w. What is the units digit of i(y)?
6
Suppose y - 1380 = a, -3*y = -7*y - a + 5515. What is the tens digit of y?
7
Let b = 20 - 12. Suppose -10*a + b*a = 140. Let m = a - -101. What is the units digit of m?
1
What is the hundreds digit of 1252/5 + -5 + 207/45?
2
Let q(f) = f**3 - 8*f**2 + 3*f - 1. Let w be q(7). Let p = 54 - w. What is the tens digit of p?
8
Let n be 0*(-1 + (-4)/(-6)). Suppose -2*x + 4*g - 6 = n, 7*g = 5*x + 2*g. Suppose -5*z + 178 = -3*k, 2 + 48 = z + x*k. What is the units digit of z?
8
Suppose -17*v + 82173 = 32*v. What is the thousands digit of v?
1
Suppose -4*s + 3*z = -2*s - 1301, -5*z - 1295 = -2*s. What is the tens digit of s?
5
Let o(d) = -163*d - 79. What is the thousands digit of o(-8)?
1
Suppose 3 + 13 = 4*w. Let s(t) = -13 + w*t**2 - 3*t**2 + 1 - 2*t - 2*t. What is the tens digit of s(11)?
6
Let f be (-1)/(2*(-2)/(-468)). Let q = -7 - f. Suppose -3*w = 41 - q. What is the tens digit of w?
2
Let u(m) = 18*m + 32. Let t be u(12). Suppose -529 = -7*l + t. What is the units digit of l?
1
Suppose -35*w + 3510 = -9*w. What is the hundreds digit of w?
1
Suppose -s + 1885 = 5*f, 0 = -199*s + 197*s - 3*f + 3791. What is the thousands digit of s?
1
Let b(v) be the second derivative of 5*v**4/12 + v**3/3 + 3*v**2/2 - 4*v. Let y be b(-2). What is the units digit of y + -3 + -3 + 0?
3
Let y = 18 + -26. Let o(p) = -p**3 - 7*p**2 + 9*p - 7. Let w be o(y). What is the tens digit of (-187)/(-5) + w/(-25)?
3
Suppose 2*d + 13 = -3. Let s = 20 + d. What is the units digit of (2/(-4))/((-6)/s)?
1
Let f(s) = 5*s**2 + 6*s + 12. Let k be f(8). Let r = -215 + k. What is the tens digit of r?
6
Let b(g) = g**3 + 21*g**2 + 14*g + 18. What is the hundreds digit of b(-16)?
0
What is the tens digit of 18/(-252) - (-19113)/42?
5
Let p(d) be the first derivative of 7 + 7*d + 1/4*d**4 - 1/2*d**2 - 5/3*d**3. What is the units digit of p(5)?
2
Let m = 778 + -294. What is the hundreds digit of m?
4
Let c(m) = m**2 + m. Let s(w) = -w**2 + 9*w - 1. Let p(l) = 3*c(l) + s(l). What is the tens digit of p(-10)?
7
Let q(a) = -a**2 - 7*a + 18. Let x be q(-9). Suppose 2*z + 14 + 32 = x. Let k = 40 + z. What is the tens digit of k?
1
Let x(u) = -10*u**2 + 4*u - 3. Let d = -23 + 25. Let l be x(d). Let s = l - -65. What is the units digit of s?
0
Let w be ((-1)/(-3))/(11/99). What is the tens digit of (-212)/(-10) + ((-28)/(-10) - w)?
2
Suppose t = -x + 337, -2*x + 993 = x - 3*t. What is the tens digit of x?
3
Let s = -10 + 14. Suppose -q + 164 = s*b, -b + q = 3*q - 48. Suppose -50 = -5*x + n, -4*x + b = 4*n - 0*n. What is the tens digit of x?
1
Let t = 438 + -251. What is the units digit of t?
7
Let k be 5/(-5)*(1 + 41 + 0). Let t = k - -134. What is the tens digit of t?
9
Let t(z) be the second derivative of z**4/12 + 3*z**3/2 - z**2 - z. Let b be t(-11). What is the units digit of (-9)/(45/b) + 20?
6
Suppose 7*d + 2*d - 6084 = 0. Suppose -4*o - 5*b + d = 0, 2*o + 2*b = -3*b + 338. What is the tens digit of o?
6
Suppose 24*k = 19*k + 15. Suppose 61 = k*s - 8. What is the tens digit of s?
2
Suppose 118 = 4*m - 458. Suppose b - 86 = -0*b + v, m = 2*b + 5*v. Suppose b = -0*s + 2*s. What is the tens digit of s?
4
Let z be -4*((-3)/(-12) + 0). Let j = z - -16. Suppose -m + j = -0*m. What is the units digit of m?
5
Suppose -2*m + 2*a - 10 = 0, 2*m + 0*a + 1 = 5*a. Let p be m/2 - (-11 - -29). What is the units digit of (p/(-4))/((-5)/(-10))?
1
Suppose -55*a = -94*a + 28119. What is the units digit of a?
1
Suppose -599 = -6*u + 109. Suppose 2*m - 2*k = 0, 5*m + 0*k - 3*k = 4. Suppose 3*o - u = 2*y + 2*y, 2*o + m*y - 60 = 0. What is the units digit of o?
4
Let h(p) = 14*p**2 - 29*p + 11. What is the tens digit of h(8)?
7
Let s(o) = 0*o + 0*o**2 + o**2 + 6 - o. Let z = -133 + 138. What is the units digit of s(z)?
6
Let o = 2356 - 1364. What is the units digit of o?
2
Let d be (-6)/2*4/(-3). Let m be -4*(-1)/(d/4). Suppose m*h - a - 171 = 0, 0 = 4*h + h - a - 213. What is the tens digit of h?
4
Let x(q) = q + 3*q - 2*q + 3 - q. Let f be x(-2). Suppose -4*z + 17 = f. What is the units digit of z?
4
Let t = 101 + -104. What is the tens digit of ((-2)/(-1 + t))/(1/84)?
4
Let a(s) = 4*s + 73. Suppose -4*p + 4*k + 84 = 0, 0 = -0*p - p - 3*k + 37. What is the tens digit of a(p)?
7
Suppose 0 = -6*q + 3668 + 13102. What is the thousands digit of q?
2
Suppose -5*p - 15 = -10*p. Let b(o) = 2*o**2 - 5*o + 2. Let x be b(p). Suppose 2*a = x*l + 69, -5*a - 129 = -10*a - 2*l. What is the units digit of a?
7
Let u be 1*(-2 - (-4 - 0)). Suppose 0 = 4*m + 2*x - 7*x - 229, 4*m - u*x - 214 = 0. What is the units digit of m?
1
Let y be (4 + -34)*(-4)/(-10). Let a be (y/8)/((-1)/12). Let i = 16 + a. What is the tens digit of i?
3
Suppose 0 = -13*g + 2124 - 109. What is the tens digit of g?
5
Let k = -87 + -303. Let n = k - -594. What is the hundreds digit of n?
2
Let h(t) = 138*t - 278. What is the hundreds digit of h(9)?
9
Let j(d) = 3*d**2 + 7*d + 23. Let l be j(7). Let u = -146 + l. What is the tens digit of u?
7
What is the tens digit of (10/(-7) - -2)*111146/68?
3
Let n be 8/68 - 196/(-68). Suppose -w - b + 3 = -4, n*b = 3*w + 9. Suppose -115 = -3*v + w. What is the tens digit of v?
3
Suppose 557 = a - 3*c, -2*c + 60 - 1158 = -2*a. What is the hundreds digit of a?
5
Suppose 2*i + 5*d = 19, 0 = 5*i + 5*d + 5 - 60. Let x = 21 - i. What is the units digit of x + (-3 - -3 - 2)?
7
Let v(y) = y**3 + 3*y**2 - 9*y - 5. Let m be v(-4). Suppose 10*b - m*b = -70. What is the tens digit of b?
1
Suppose 0*i - 2*i = 3*r - 2443, 0 = 5*r - 3*i - 4078. What is the hundreds digit of r?
8
Let w be 40/3*(-6 - -3 - 0). Let n = 68 + w. What is the units digit of n?
8
Let a(g) = 4*g**2 - 6*g + 34. Suppos